2 + 1. Let j(f) = -3*f**2 + 8*f + 9. Let m(h) = i(h) - j(h). What is m(8)?
-8
Let m = 64 + -67. Let r(t) = -t**2 + 3*t + 4. Give r(m).
-14
Let f = 1250 + -1247. Let a(d) = -2*d**2 + 1. Give a(f).
-17
Suppose 2*b - 2*k - 20 = 0, k - 13 = -5*b + 43. Let p = -4 + b. Let i(c) = c**3 - 8*c**2 + 6*c + 2. Calculate i(p).
-5
Let b(r) = 5*r**2 + 12*r - 5. Let a(c) = c**2 + 3*c - 1. Let o(d) = -9*a(d) + 2*b(d). Let n be 15/4 + (-72)/96. Calculate o(n).
-1
Let c(w) = 3*w + 3. Suppose 73 + 292 = 5*z. Let j = -75 + z. Calculate c(j).
-3
Let o(f) = -f**3 + 13*f**2 + 14*f - 11. Let t be (-1410)/(-94) - (1 - 0). Calculate o(t).
-11
Let h(o) be the first derivative of -o**7/420 - o**6/360 + o**5/40 + o**4/24 - 6*o**3 + 2*o + 4. Let y(z) be the third derivative of h(z). Determine y(-2).
7
Let b(c) = 7*c**2 - 2. Suppose -33 = 34*i - i. Give b(i).
5
Let b(g) be the first derivative of -g**3/3 - 3*g**2 + 5*g + 375. Give b(-9).
-22
Let o(t) = -t - t + t + 2*t. Suppose -4*p + 1 = -3. Suppose -2 + p = -s. Give o(s).
1
Suppose -43 = 5*f + 5*o - 18, 0 = 5*f - 4*o + 7. Let w(n) = n**3 + 2*n. Calculate w(f).
-33
Let a(v) be the second derivative of 7*v**4/12 - v**3/6 - v**2/2 + 11*v - 20. What is a(-1)?
7
Let f be 1/((16/(-176))/(0 + -1)). Let g(s) = s**3 - 12*s**2 + 11*s. What is g(f)?
0
Let m be 0 + 1 - 9/(-9). Suppose -z - m = -3. Let n(s) be the second derivative of -s**4/2 - s**3/6 + s**2/2 - 11*s. What is n(z)?
-6
Let s(l) = -22*l + 623. Let t be s(28). Let c(o) = -o**3 + 7*o**2 + 5. Calculate c(t).
5
Let q(b) = 16*b - 143. Let d be q(9). Let w(j) = 25*j - 1. What is w(d)?
24
Let v be (18/(-5) + 2)/((-16)/960). Let f(n) = v*n + 97*n - n**2 - 184*n. What is f(7)?
14
Let i(q) = q**3 - q**2 - 11. Let d = -28 + 28. Determine i(d).
-11
Let d(a) be the third derivative of 0 + a**2 - 1/3*a**3 + 0*a + 1/24*a**4. Let y = 1331 - 1326. What is d(y)?
3
Let a(x) = -4*x - 2. Suppose 6*i - 2*i + 5*f + 11 = 0, i = 3*f - 7. Calculate a(i).
14
Let z be (5/3)/((3/108)/(-1)). Let x be 1 + (z/(-70))/(2/(-14)). Let w(c) = -c - 1. Give w(x).
4
Let v(q) = -3*q + 2. Let g(w) = 2*w**3. Suppose 0*z = -2*z + 4*n + 2, 4*n - 1 = 5*z. Let j be g(z). Determine v(j).
8
Let t(l) = -l + 1. Let n be t(-4). Let i(q) = -q**2 + 3*q + 4. Let a be i(n). Let x(k) = k - 2. Give x(a).
-8
Suppose 0 = 5*f + w + 2*w + 15, 3 = -f - w. Let i(h) = 5*h**2 - h + 5. Let d(r) = -9*r**2 + 2*r - 9. Let t(o) = 6*d(o) + 11*i(o). Calculate t(f).
7
Let w(j) = -6 + 55*j**2 + 25*j - 79*j**2 + 22*j**2. Calculate w(13).
-19
Suppose 4*u + 8 = 4. Suppose 5*y - 14 = t, 4*y + 5*t + 5 = 22. Let d(o) = 8*o**3 + 4*o**2 - 6*o**2 + 2*o**y + 3*o**2 + o. Calculate d(u).
-10
Let p(h) = 23 + 17 - 67 + 20 + h. Calculate p(-4).
-11
Let g(k) = 26*k + 44. Let o be g(-2). Let c(n) = n + 8. Determine c(o).
0
Let h(v) = -v - 17. Suppose -28*g = -36*g - 80. Give h(g).
-7
Let f(b) = 2 + 1 + 4239*b - 4259*b - 8. What is f(-1)?
15
Let t(d) = 25*d - 17. Let i(j) = 11*j - 8. Let x(l) = 9*i(l) - 4*t(l). Let b = 1 - 7. What is x(b)?
2
Let t(v) = -3*v + 3*v - 2*v**2 - 3*v - 2. Suppose 4*j - 36 = -3*h - j, h + j - 12 = 0. Let a be (h/(-30))/((-1)/(-5)). What is t(a)?
-4
Let i(o) = o**2 + 7*o + 15. Let u be (1 + -2)*(-9)/((-45)/20). Let f be i(u). Let q(r) = -6*r + 2. Determine q(f).
-16
Let p(f) = -f**3 + 6*f**2 + 2*f. Let u be (-10)/(-15) + 21/9. Suppose s + 22 = -i, i + 94 = -u*i - 2*s. Let z be 3/(-15) + (-155)/i. Calculate p(z).
12
Suppose 18 = 5*n + 4*m, -5*m - 9 = 4*n - 27. Let j(u) = 9*u**2 - 6*u + 10*u**2 - 18*u**n - 8 + 3. Suppose -2*y + 20 = 2*y. What is j(y)?
-10
Let s(t) = t**2 - 10*t + 15. Suppose 2*c = -3*c - 3*r + 38, 3*r = 3. Calculate s(c).
-6
Let d(v) = -12*v - 5 + 4*v**2 + v**2 + 16*v. Let y(t) = -6*t**2 - 4*t + 6. Let i(n) = -5*d(n) - 4*y(n). Give i(-3).
4
Let u be 14/91 - (-882)/182. Let x(o) = -4*o + 1. Let w(j) = 9*j - 1. Let t(v) = 3*w(v) + 7*x(v). Give t(u).
-1
Let o(j) be the second derivative of 3*j**2 + 1/6*j**3 + 0 - j. Let l(z) = -3*z + 5. Let h be l(4). Determine o(h).
-1
Let w(c) be the first derivative of -c**2/2 + 10*c + 125. Calculate w(11).
-1
Let m(a) = -5*a + 2. Let r = 11 - 30. Let t = -17 - r. Calculate m(t).
-8
Let h(m) be the second derivative of m**4/12 - 2*m**3/3 - 3*m**2 + m. Suppose 44*t - 248 = 60. Give h(t).
15
Let k(c) = 5186*c - 1 + 7 - 5185*c. Determine k(-3).
3
Let z(c) be the second derivative of 12*c + 0 + 1/6*c**3 + 5*c**2. Determine z(0).
10
Let c(m) = -7*m + 15. Let r(a) = -3*a + 7. Let u(z) = 4*c(z) - 9*r(z). Let w = 3002 + -2999. Give u(w).
-6
Let m(s) be the third derivative of -s**5/60 - s**4/12 + s**3/3 - s**2. Suppose 70 = -8*u + 3*u. Let h = u - -12. Give m(h).
2
Let g be (-2 + 1)/((-7)/(-3) + -2). Let n(v) = -3*v - 2 + 0*v - 3*v. What is n(g)?
16
Suppose 0 = 4*c + 5*j - 50, j = -2*c + 6 + 16. Let d(u) = -u**2 + 12*u + 6. Give d(c).
26
Let b(h) be the first derivative of h**3/3 + 2*h**2 - 9*h + 3. Let j be b(-5). Let a(t) = -4*t - 3. Determine a(j).
13
Let w(z) = z**3 + 5*z**2 + z - 3. Let i(b) = 2*b - 1. Let c(r) = i(r) + w(r). Determine c(-3).
5
Let v be 14/6 + (-2)/6. Let m(x) = 0 - v + x - 2. Let o(d) = d**3 - d**2 + 2*d + 5. Let g be o(0). Give m(g).
1
Let o(g) = -g**3 - 6*g**2 + g - 4. Let x be 0 + (-1)/(8/48). Determine o(x).
-10
Suppose l + 0 = 5*p + 10, -4*p - 2*l = 22. Let v(f) be the first derivative of -f**2 + 2*f + 1/4*f**4 + f**3 - 1. What is v(p)?
8
Let n(z) be the first derivative of -4*z**2 + 8 + 1/3*z**3 + 5*z. Determine n(4).
-11
Suppose 0 = -124*v + 85*v + 312. Let g(o) = -o**2 + 10*o - 11. Determine g(v).
5
Let w(i) = -7*i**3 - 13*i**2 - 15*i - 7. Let z(l) = -3*l**3 - 6*l**2 - 7*l - 4. Let x(o) = -2*w(o) + 5*z(o). Calculate x(-4).
14
Let m(h) = h**2 + 5*h + 2. Let q = 1153 + -1156. What is m(q)?
-4
Let g(z) be the first derivative of -z**2/2 + 5*z - 110. Determine g(14).
-9
Suppose -2*k + 2 = -k. Let p(f) = 2 + 42099*f**3 + 42099*f**3 - f**2 - 84197*f**3 + f. Give p(k).
8
Let m = 62 + -60. Let u(w) be the third derivative of w**4/6 + w**3/3 + 16*w**2. Determine u(m).
10
Let r(g) = -8*g - 1. Suppose -2*d + 2 = d + 2*c, -c = -d + 4. Let x(y) = 1. Let n(v) = d*x(v) + r(v). Give n(1).
-7
Let z(j) = -125*j + 5 + 38*j + 47*j + 39*j. Determine z(16).
-11
Let k(h) = h**3 + 2*h**2 + h + 10. Let a be 0/((144/108)/(4/(-6))). What is k(a)?
10
Let g(y) = y. Let i(b) = 2*b**2 - 10*b - 4. Let j(t) = 6*g(t) + i(t). Let d be (636/371)/(6/14). Give j(d).
12
Let t(d) = d - 2. Let g be t(0). Let h(j) = -22*j - 6. Let v(l) = -12*l - 4. Let n(x) = 3*h(x) - 5*v(x). What is n(g)?
14
Let z = -1 + 2. Suppose -2*f - 9 = -z. Let c(p) = -2*p - 4 + p - p. Determine c(f).
4
Suppose 2*o = 24*a - 20*a - 44, o - 4*a = -24. Let x(j) = j**3 + 21*j**2 + 22*j + 40. Give x(o).
0
Let f(s) = 4*s**3 + 10*s**2 + s - 15. Let n(m) = -m**3 - m**2 + m + 2. Let v(o) = f(o) + 5*n(o). Determine v(6).
-5
Let r(x) = x**2 + 536*x + 1597. Let c be r(-3). Let m(a) be the first derivative of 2*a**3/3 - a**2 + a + 1. Calculate m(c).
13
Let x(d) = -6*d - 8. Let r be x(4). Let q be r/(-20) - (-10)/25. Let f(g) = -3*g + 2. Calculate f(q).
-4
Let x(n) be the third derivative of n**4/8 + 7*n**3/2 + 75*n**2. Give x(-10).
-9
Let c(z) = z**3 - z**2 + 2*z - 3. Let v be c(0). Let s(p) = 2*p + 2*p - 3*p + p**3 - 3 + 5*p**2. Give s(v).
12
Let f(o) = -19*o - 8. Let q(u) = 10*u + 3. Let l(k) = 2*f(k) + 5*q(k). Give l(1).
11
Let j = 157 - 156. Let r be 56/16 - (-1)/(-2). Let s(f) = 3*f**3 + f. Let d(p) = -4*p**3 - p**2 - p. Let m(x) = r*s(x) + 2*d(x). Give m(j).
0
Let x(v) = -v**3 - 13*v**2 - 9*v - 8. Let b(r) = 2*r**2 - r + 2. Let n(t) = 3*b(t) + x(t). Determine n(-5).
8
Suppose 0 = 7*c - 4*c + 18. Let j(b) = 1007 + b**2 - 3027 + 1016 + 1009 + 7*b. Calculate j(c).
-1
Let f(x) be the second derivative of x**3/2 + 3*x**2 + 545*x. Determine f(-6).
-12
Let q = 414 - 410. Let o(k) = -k**2 + 7*k - 4. Calculate o(q).
8
Suppose 0 = -5*x + 5*z - 55, z = 48*x - 52*x - 44. Let g(r) = r**3 + 12*r**2 + 9*r - 12. Determine g(x).
10
Let n(w) = 9*w**3 + w**2 - 9*w. Let p(x) be the first derivative of 5*x**4/4 - 5*x**2/2 - 3. Suppose 0 = -i + 5 + 6. Let y(l) = i*p(l) - 6*n(l). Calculate y(6).
-6
Let w be (7 + (-58)/6 - -3)*-15. Let f(d) be the second derivative of -d**3 - 3*d**2 + 3*d. Determine f(w).
24
Let f(l) = -l**3 + l**2 + 2*l + 7. Let w be f(0). S